{"id":40706,"date":"2026-04-08T16:25:30","date_gmt":"2026-04-08T14:25:30","guid":{"rendered":"https:\/\/nowycisco.polsoft.pl\/produkt\/cisco-esa-esi-3y-s3-inbound-essentials-bundle-3y-500-999u\/"},"modified":"2026-04-27T10:01:13","modified_gmt":"2026-04-27T08:01:13","slug":"cisco-esa-esi-3y-s3-inbound-essentials-bundle-3y-500-999u","status":"publish","type":"product","link":"https:\/\/sklep.polsoft.pl\/cisco\/produkt\/cisco-esa-esi-3y-s3-inbound-essentials-bundle-3y-500-999u\/","title":{"rendered":"Cisco ESA-ESI-3Y-S3 Inbound Essentials Bundle (AS, AV, OF) 3 lata"},"content":{"rendered":"<div class=\"seo-description\">\n<h2 class=\"product-title\">Cisco ESA-ESI-3Y-S3 &#8211; Inbound Essentials Bundle<\/h2>\n<p class=\"product-intro\">Licencja Cisco ESA-ESI-3Y-S3 to subskrypcyjny pakiet zabezpiecze\u0144 poczty elektronicznej, zaprojektowany dla \u015brodowisk korporacyjnych. Zapewnia ochron\u0119 przed spamem, wirusami i nowymi zagro\u017ceniami dzi\u0119ki funkcjom Anti-Spam, Anti-Virus oraz Outbreak Filters. Jest to licencja na 3 lata, przeznaczona dla organizacji z 500-999 u\u017cytkownikami. Wymaga wdro\u017cenia na platformie Cisco Email Security Appliance (ESA).<\/p>\n<div class=\"product-section features-section\">\n<h3>Co obejmuje licencja<\/h3>\n<ul class=\"features-list\">\n<li><strong>Typ licencji<\/strong> &#8211; Subskrypcyjna (Term License)<\/li>\n<li><strong>Czas trwania<\/strong> &#8211; 3 lata (3Y)<\/li>\n<li><strong>Co obejmuje<\/strong> &#8211; Pakiet Inbound Essentials: Anti-Spam (AS), Anti-Virus (AV), Outbreak Filters (OF)<\/li>\n<li><strong>Wymagana platforma<\/strong> &#8211; Cisco Email Security Appliance (ESA)<\/li>\n<li><strong>Model licencjonowania<\/strong> &#8211; Per-user, w ramach poziomu S3 (500-999 u\u017cytkownik\u00f3w)<\/li>\n<li><strong>Poziom funkcjonalno\u015bci<\/strong> &#8211; Essentials<\/li>\n<li><strong>Warunki odnowienia i migracji<\/strong> &#8211; Licencja wymaga odnowienia po up\u0142ywie 3 lat. Migracja do wy\u017cszych poziom\u00f3w funkcjonalno\u015bci lub innych pakiet\u00f3w jest mo\u017cliwa poprzez zakup odpowiedniej licencji.<\/li>\n<\/ul>\n<\/div>\n<div class=\"product-section benefits-section\">\n<h3>Kompatybilno\u015b\u0107 i wymagania<\/h3>\n<ul class=\"benefits-list\">\n<li><strong>Platforma\/urz\u0105dzenie<\/strong> &#8211; Wymaga aktywnej instalacji Cisco Email Security Appliance (ESA)<\/li>\n<li><strong>Wersja oprogramowania<\/strong> &#8211; Kompatybilno\u015b\u0107 z aktualnymi wersjami oprogramowania Cisco ESA<\/li>\n<li><strong>Liczba u\u017cytkownik\u00f3w<\/strong> &#8211; Przeznaczona dla organizacji z przedzia\u0142u 500-999 u\u017cytkownik\u00f3w<\/li>\n<li><strong>Zarz\u0105dzanie<\/strong> &#8211; Zintegrowane zarz\u0105dzanie poprzez interfejs Cisco ESA<\/li>\n<\/ul>\n<\/div>\n<div class=\"product-section specs-section\">\n<h3>Szczeg\u00f3\u0142y licencji<\/h3>\n<table class=\"specs-table\">\n<thead>\n<tr>\n<th>Parametr<\/th>\n<th>Warto\u015b\u0107<\/th>\n<\/tr>\n<\/thead>\n<tbody>\n<tr>\n<td>Typ produktu<\/td>\n<td>Licencja subskrypcyjna<\/td>\n<\/tr>\n<tr>\n<td>Part Number<\/td>\n<td>ESA-ESI-3Y-S3<\/td>\n<\/tr>\n<tr>\n<td>Nazwa pakietu<\/td>\n<td>Cisco Inbound Essentials Bundle<\/td>\n<\/tr>\n<tr>\n<td>Okres wa\u017cno\u015bci<\/td>\n<td>3 lata<\/td>\n<\/tr>\n<tr>\n<td>Poziom funkcjonalno\u015bci<\/td>\n<td>Essentials<\/td>\n<\/tr>\n<tr>\n<td>Modu\u0142y w pakiecie<\/td>\n<td>Anti-Spam (AS), Anti-Virus (AV), Outbreak Filters (OF)<\/td>\n<\/tr>\n<tr>\n<td>Poziom u\u017cytkownik\u00f3w<\/td>\n<td>S3 (500-999 u\u017cytkownik\u00f3w)<\/td>\n<\/tr>\n<tr>\n<td>Wymagana platforma<\/td>\n<td>Cisco Email Security Appliance (ESA)<\/td>\n<\/tr>\n<tr>\n<td>Model licencjonowania<\/td>\n<td>Per-user<\/td>\n<\/tr>\n<\/tbody>\n<\/table>\n<\/div>\n<div class=\"product-section faq-section\">\n<h3>FAQ<\/h3>\n<div class=\"faq-item\">\n<h4>Pytanie: Czym jest Cisco Inbound Essentials Bundle?<\/h4>\n<p>Odpowied\u017a: Cisco Inbound Essentials Bundle to pakiet licencji subskrypcyjnych dla Cisco Email Security Appliance (ESA), kt\u00f3ry zapewnia podstawow\u0105 ochron\u0119 poczty przychodz\u0105cej. Obejmuje funkcje Anti-Spam (AS), Anti-Virus (AV) oraz Outbreak Filters (OF).<\/p>\n<\/div>\n<div class=\"faq-item\">\n<h4>Pytanie: Dla ilu u\u017cytkownik\u00f3w przeznaczona jest licencja ESA-ESI-3Y-S3?<\/h4>\n<p>Odpowied\u017a: Licencja ESA-ESI-3Y-S3 jest przeznaczona dla organizacji z przedzia\u0142u 500 do 999 u\u017cytkownik\u00f3w. Jest to licencjonowanie per-user, skalowane w ramach poziomu S3.<\/p>\n<\/div>\n<div class=\"faq-item\">\n<h4>Pytanie: Jaka platforma jest wymagana do u\u017cycia tej licencji?<\/h4>\n<p>Odpowied\u017a: Do aktywacji i dzia\u0142ania licencji Cisco ESA-ESI-3Y-S3 wymagana jest aktywna platforma Cisco Email Security Appliance (ESA).<\/p>\n<\/div>\n<div class=\"faq-item\">\n<h4>Pytanie: Co to s\u0105 Outbreak Filters (OF)?<\/h4>\n<p>Odpowied\u017a: Outbreak Filters to technologia Cisco, kt\u00f3ra zapewnia ochron\u0119 przed nowymi, masowymi zagro\u017ceniami e-mailowymi, takimi jak ataki zero-day, zanim tradycyjne sygnatury antywirusowe zostan\u0105 zaktualizowane. Analizuje wzorce ruchu i tre\u015bci w czasie rzeczywistym.<\/p>\n<\/div>\n<\/div>\n<p class=\"ai-disclaimer\"><small>Opis wygenerowany na podstawie danych Cisco i dystrybutor\u00f3w. Zweryfikuj specyfikacj\u0119 na cisco.com.<\/small><\/p>\n<\/div>\n","protected":false},"excerpt":{"rendered":"<p>Licencja subskrypcyjna Cisco ESA-ESI-3Y-S3 oferuje zintegrowan\u0105 ochron\u0119 poczty przychodz\u0105cej dla \u015brodowisk korporacyjnych. Obejmuje funkcje Anti-Spam (AS), Anti-Virus (AV) oraz Outbreak Filters (OF), zapewniaj\u0105c bezpiecze\u0144stwo przed szerokim spektrum zagro\u017ce\u0144 e-mailowych. Przeznaczona dla 500-999 u\u017cytkownik\u00f3w, z okresem wa\u017cno\u015bci 3 lata. Wymaga platformy Cisco Email Security Appliance.<\/p>\n","protected":false},"featured_media":0,"template":"","meta":{"site-sidebar-layout":"default","site-content-layout":"","ast-site-content-layout":"default","site-content-style":"default","site-sidebar-style":"default","ast-global-header-display":"","ast-banner-title-visibility":"","ast-main-header-display":"","ast-hfb-above-header-display":"","ast-hfb-below-header-display":"","ast-hfb-mobile-header-display":"","site-post-title":"","ast-breadcrumbs-content":"","ast-featured-img":"","footer-sml-layout":"","ast-disable-related-posts":"","theme-transparent-header-meta":"","adv-header-id-meta":"","stick-header-meta":"","header-above-stick-meta":"","header-main-stick-meta":"","header-below-stick-meta":"","astra-migrate-meta-layouts":"default","ast-page-background-enabled":"default","ast-page-background-meta":{"desktop":{"background-color":"var(--ast-global-color-4)","background-image":"","background-repeat":"repeat","background-position":"center center","background-size":"auto","background-attachment":"scroll","background-type":"","background-media":"","overlay-type":"","overlay-color":"","overlay-opacity":"","overlay-gradient":""},"tablet":{"background-color":"","background-image":"","background-repeat":"repeat","background-position":"center center","background-size":"auto","background-attachment":"scroll","background-type":"","background-media":"","overlay-type":"","overlay-color":"","overlay-opacity":"","overlay-gradient":""},"mobile":{"background-color":"","background-image":"","background-repeat":"repeat","background-position":"center center","background-size":"auto","background-attachment":"scroll","background-type":"","background-media":"","overlay-type":"","overlay-color":"","overlay-opacity":"","overlay-gradient":""}},"ast-content-background-meta":{"desktop":{"background-color":"var(--ast-global-color-5)","background-image":"","background-repeat":"repeat","background-position":"center center","background-size":"auto","background-attachment":"scroll","background-type":"","background-media":"","overlay-type":"","overlay-color":"","overlay-opacity":"","overlay-gradient":""},"tablet":{"background-color":"var(--ast-global-color-5)","background-image":"","background-repeat":"repeat","background-position":"center center","background-size":"auto","background-attachment":"scroll","background-type":"","background-media":"","overlay-type":"","overlay-color":"","overlay-opacity":"","overlay-gradient":""},"mobile":{"background-color":"var(--ast-global-color-5)","background-image":"","background-repeat":"repeat","background-position":"center center","background-size":"auto","background-attachment":"scroll","background-type":"","background-media":"","overlay-type":"","overlay-color":"","overlay-opacity":"","overlay-gradient":""}}},"product_brand":[124],"product_cat":[168],"product_tag":[],"class_list":{"0":"post-40706","1":"product","2":"type-product","3":"status-publish","5":"product_brand-cisco","6":"product_cat-oprogramowanie-bezpieczenstwa-cisco","7":"desktop-align-left","8":"tablet-align-left","9":"mobile-align-left","11":"first","12":"instock","13":"taxable","14":"shipping-taxable","15":"purchasable","16":"product-type-simple"},"yoast_head":"<!-- This site is optimized with the Yoast SEO plugin v27.4 - https:\/\/yoast.com\/product\/yoast-seo-wordpress\/ -->\n<title>Cisco ESA-ESI-3Y-S3 Inbound Essentials Bundle 3 lata (500-999u)<\/title>\n<meta name=\"description\" content=\"Licencja Cisco ESA-ESI-3Y-S3 zapewnia ochron\u0119 poczty e-mail przed spamem, wirusami i zagro\u017ceniami zero-day. Pakiet Inbound Essentials na 3 lata dla 500-999 u\u017cytkownik\u00f3w.\" \/>\n<meta name=\"robots\" content=\"index, follow, max-snippet:-1, max-image-preview:large, max-video-preview:-1\" \/>\n<link rel=\"canonical\" href=\"https:\/\/sklep.polsoft.pl\/cisco\/produkt\/cisco-esa-esi-3y-s3-inbound-essentials-bundle-3y-500-999u\/\" \/>\n<meta property=\"og:locale\" content=\"pl_PL\" \/>\n<meta property=\"og:type\" content=\"article\" \/>\n<meta property=\"og:title\" content=\"Cisco ESA-ESI-3Y-S3 Inbound Essentials Bundle 3 lata (500-999u)\" \/>\n<meta property=\"og:description\" content=\"Licencja Cisco ESA-ESI-3Y-S3 zapewnia ochron\u0119 poczty e-mail przed spamem, wirusami i zagro\u017ceniami zero-day. Pakiet Inbound Essentials na 3 lata dla 500-999 u\u017cytkownik\u00f3w.\" \/>\n<meta property=\"og:url\" content=\"https:\/\/sklep.polsoft.pl\/cisco\/produkt\/cisco-esa-esi-3y-s3-inbound-essentials-bundle-3y-500-999u\/\" \/>\n<meta property=\"og:site_name\" content=\"Sklep partnerski Cisco\" \/>\n<meta property=\"article:publisher\" content=\"https:\/\/www.facebook.com\/polsoft.engineering\" \/>\n<meta property=\"article:modified_time\" content=\"2026-04-27T08:01:13+00:00\" \/>\n<meta name=\"twitter:card\" content=\"summary_large_image\" \/>\n<meta name=\"twitter:label1\" content=\"Szacowany czas czytania\" \/>\n\t<meta name=\"twitter:data1\" content=\"2 minuty\" \/>\n<script type=\"application\/ld+json\" class=\"yoast-schema-graph\">{\"@context\":\"https:\\\/\\\/schema.org\",\"@graph\":[{\"@type\":\"WebPage\",\"@id\":\"https:\\\/\\\/sklep.polsoft.pl\\\/cisco\\\/produkt\\\/cisco-esa-esi-3y-s3-inbound-essentials-bundle-3y-500-999u\\\/\",\"url\":\"https:\\\/\\\/sklep.polsoft.pl\\\/cisco\\\/produkt\\\/cisco-esa-esi-3y-s3-inbound-essentials-bundle-3y-500-999u\\\/\",\"name\":\"Cisco ESA-ESI-3Y-S3 Inbound Essentials Bundle 3 lata (500-999u)\",\"isPartOf\":{\"@id\":\"https:\\\/\\\/nowycisco.polsoft.pl\\\/#website\"},\"datePublished\":\"2026-04-08T14:25:30+00:00\",\"dateModified\":\"2026-04-27T08:01:13+00:00\",\"description\":\"Licencja Cisco ESA-ESI-3Y-S3 zapewnia ochron\u0119 poczty e-mail przed spamem, wirusami i zagro\u017ceniami zero-day. Pakiet Inbound Essentials na 3 lata dla 500-999 u\u017cytkownik\u00f3w.\",\"breadcrumb\":{\"@id\":\"https:\\\/\\\/sklep.polsoft.pl\\\/cisco\\\/produkt\\\/cisco-esa-esi-3y-s3-inbound-essentials-bundle-3y-500-999u\\\/#breadcrumb\"},\"inLanguage\":\"pl-PL\",\"potentialAction\":[{\"@type\":\"ReadAction\",\"target\":[\"https:\\\/\\\/sklep.polsoft.pl\\\/cisco\\\/produkt\\\/cisco-esa-esi-3y-s3-inbound-essentials-bundle-3y-500-999u\\\/\"]}]},{\"@type\":\"BreadcrumbList\",\"@id\":\"https:\\\/\\\/sklep.polsoft.pl\\\/cisco\\\/produkt\\\/cisco-esa-esi-3y-s3-inbound-essentials-bundle-3y-500-999u\\\/#breadcrumb\",\"itemListElement\":[{\"@type\":\"ListItem\",\"position\":1,\"name\":\"Strona g\u0142\u00f3wna\",\"item\":\"https:\\\/\\\/nowycisco.polsoft.pl\\\/\"},{\"@type\":\"ListItem\",\"position\":2,\"name\":\"Sklep\",\"item\":\"https:\\\/\\\/nowycisco.polsoft.pl\\\/sklep\\\/\"},{\"@type\":\"ListItem\",\"position\":3,\"name\":\"Cisco ESA-ESI-3Y-S3 Inbound Essentials Bundle (AS, AV, OF) 3 lata\"}]},{\"@type\":\"WebSite\",\"@id\":\"https:\\\/\\\/nowycisco.polsoft.pl\\\/#website\",\"url\":\"https:\\\/\\\/nowycisco.polsoft.pl\\\/\",\"name\":\"Sklep partnerski Cisco\",\"description\":\"\",\"publisher\":{\"@id\":\"https:\\\/\\\/nowycisco.polsoft.pl\\\/#organization\"},\"potentialAction\":[{\"@type\":\"SearchAction\",\"target\":{\"@type\":\"EntryPoint\",\"urlTemplate\":\"https:\\\/\\\/nowycisco.polsoft.pl\\\/?s={search_term_string}\"},\"query-input\":{\"@type\":\"PropertyValueSpecification\",\"valueRequired\":true,\"valueName\":\"search_term_string\"}}],\"inLanguage\":\"pl-PL\"},{\"@type\":\"Organization\",\"@id\":\"https:\\\/\\\/nowycisco.polsoft.pl\\\/#organization\",\"name\":\"Polsoft Engineering Sp. z o.o.\",\"url\":\"https:\\\/\\\/nowycisco.polsoft.pl\\\/\",\"logo\":{\"@type\":\"ImageObject\",\"inLanguage\":\"pl-PL\",\"@id\":\"https:\\\/\\\/nowycisco.polsoft.pl\\\/#\\\/schema\\\/logo\\\/image\\\/\",\"url\":\"https:\\\/\\\/sklep.polsoft.pl\\\/cisco\\\/wp-content\\\/uploads\\\/2026\\\/04\\\/cisco_2026_logo.png\",\"contentUrl\":\"https:\\\/\\\/sklep.polsoft.pl\\\/cisco\\\/wp-content\\\/uploads\\\/2026\\\/04\\\/cisco_2026_logo.png\",\"width\":466,\"height\":200,\"caption\":\"Polsoft Engineering Sp. z o.o.\"},\"image\":{\"@id\":\"https:\\\/\\\/nowycisco.polsoft.pl\\\/#\\\/schema\\\/logo\\\/image\\\/\"},\"sameAs\":[\"https:\\\/\\\/www.facebook.com\\\/polsoft.engineering\",\"https:\\\/\\\/www.instagram.com\\\/polsoft.engineering\\\/\"]}]}<\/script>\n<!-- \/ Yoast SEO plugin. -->","yoast_head_json":{"title":"Cisco ESA-ESI-3Y-S3 Inbound Essentials Bundle 3 lata (500-999u)","description":"Licencja Cisco ESA-ESI-3Y-S3 zapewnia ochron\u0119 poczty e-mail przed spamem, wirusami i zagro\u017ceniami zero-day. Pakiet Inbound Essentials na 3 lata dla 500-999 u\u017cytkownik\u00f3w.","robots":{"index":"index","follow":"follow","max-snippet":"max-snippet:-1","max-image-preview":"max-image-preview:large","max-video-preview":"max-video-preview:-1"},"canonical":"https:\/\/sklep.polsoft.pl\/cisco\/produkt\/cisco-esa-esi-3y-s3-inbound-essentials-bundle-3y-500-999u\/","og_locale":"pl_PL","og_type":"article","og_title":"Cisco ESA-ESI-3Y-S3 Inbound Essentials Bundle 3 lata (500-999u)","og_description":"Licencja Cisco ESA-ESI-3Y-S3 zapewnia ochron\u0119 poczty e-mail przed spamem, wirusami i zagro\u017ceniami zero-day. Pakiet Inbound Essentials na 3 lata dla 500-999 u\u017cytkownik\u00f3w.","og_url":"https:\/\/sklep.polsoft.pl\/cisco\/produkt\/cisco-esa-esi-3y-s3-inbound-essentials-bundle-3y-500-999u\/","og_site_name":"Sklep partnerski Cisco","article_publisher":"https:\/\/www.facebook.com\/polsoft.engineering","article_modified_time":"2026-04-27T08:01:13+00:00","twitter_card":"summary_large_image","twitter_misc":{"Szacowany czas czytania":"2 minuty"},"schema":{"@context":"https:\/\/schema.org","@graph":[{"@type":"WebPage","@id":"https:\/\/sklep.polsoft.pl\/cisco\/produkt\/cisco-esa-esi-3y-s3-inbound-essentials-bundle-3y-500-999u\/","url":"https:\/\/sklep.polsoft.pl\/cisco\/produkt\/cisco-esa-esi-3y-s3-inbound-essentials-bundle-3y-500-999u\/","name":"Cisco ESA-ESI-3Y-S3 Inbound Essentials Bundle 3 lata (500-999u)","isPartOf":{"@id":"https:\/\/nowycisco.polsoft.pl\/#website"},"datePublished":"2026-04-08T14:25:30+00:00","dateModified":"2026-04-27T08:01:13+00:00","description":"Licencja Cisco ESA-ESI-3Y-S3 zapewnia ochron\u0119 poczty e-mail przed spamem, wirusami i zagro\u017ceniami zero-day. Pakiet Inbound Essentials na 3 lata dla 500-999 u\u017cytkownik\u00f3w.","breadcrumb":{"@id":"https:\/\/sklep.polsoft.pl\/cisco\/produkt\/cisco-esa-esi-3y-s3-inbound-essentials-bundle-3y-500-999u\/#breadcrumb"},"inLanguage":"pl-PL","potentialAction":[{"@type":"ReadAction","target":["https:\/\/sklep.polsoft.pl\/cisco\/produkt\/cisco-esa-esi-3y-s3-inbound-essentials-bundle-3y-500-999u\/"]}]},{"@type":"BreadcrumbList","@id":"https:\/\/sklep.polsoft.pl\/cisco\/produkt\/cisco-esa-esi-3y-s3-inbound-essentials-bundle-3y-500-999u\/#breadcrumb","itemListElement":[{"@type":"ListItem","position":1,"name":"Strona g\u0142\u00f3wna","item":"https:\/\/nowycisco.polsoft.pl\/"},{"@type":"ListItem","position":2,"name":"Sklep","item":"https:\/\/nowycisco.polsoft.pl\/sklep\/"},{"@type":"ListItem","position":3,"name":"Cisco ESA-ESI-3Y-S3 Inbound Essentials Bundle (AS, AV, OF) 3 lata"}]},{"@type":"WebSite","@id":"https:\/\/nowycisco.polsoft.pl\/#website","url":"https:\/\/nowycisco.polsoft.pl\/","name":"Sklep partnerski Cisco","description":"","publisher":{"@id":"https:\/\/nowycisco.polsoft.pl\/#organization"},"potentialAction":[{"@type":"SearchAction","target":{"@type":"EntryPoint","urlTemplate":"https:\/\/nowycisco.polsoft.pl\/?s={search_term_string}"},"query-input":{"@type":"PropertyValueSpecification","valueRequired":true,"valueName":"search_term_string"}}],"inLanguage":"pl-PL"},{"@type":"Organization","@id":"https:\/\/nowycisco.polsoft.pl\/#organization","name":"Polsoft Engineering Sp. z o.o.","url":"https:\/\/nowycisco.polsoft.pl\/","logo":{"@type":"ImageObject","inLanguage":"pl-PL","@id":"https:\/\/nowycisco.polsoft.pl\/#\/schema\/logo\/image\/","url":"https:\/\/sklep.polsoft.pl\/cisco\/wp-content\/uploads\/2026\/04\/cisco_2026_logo.png","contentUrl":"https:\/\/sklep.polsoft.pl\/cisco\/wp-content\/uploads\/2026\/04\/cisco_2026_logo.png","width":466,"height":200,"caption":"Polsoft Engineering Sp. z o.o."},"image":{"@id":"https:\/\/nowycisco.polsoft.pl\/#\/schema\/logo\/image\/"},"sameAs":["https:\/\/www.facebook.com\/polsoft.engineering","https:\/\/www.instagram.com\/polsoft.engineering\/"]}]}},"_links":{"self":[{"href":"https:\/\/sklep.polsoft.pl\/cisco\/wp-json\/wp\/v2\/product\/40706","targetHints":{"allow":["GET"]}}],"collection":[{"href":"https:\/\/sklep.polsoft.pl\/cisco\/wp-json\/wp\/v2\/product"}],"about":[{"href":"https:\/\/sklep.polsoft.pl\/cisco\/wp-json\/wp\/v2\/types\/product"}],"wp:attachment":[{"href":"https:\/\/sklep.polsoft.pl\/cisco\/wp-json\/wp\/v2\/media?parent=40706"}],"wp:term":[{"taxonomy":"product_brand","embeddable":true,"href":"https:\/\/sklep.polsoft.pl\/cisco\/wp-json\/wp\/v2\/product_brand?post=40706"},{"taxonomy":"product_cat","embeddable":true,"href":"https:\/\/sklep.polsoft.pl\/cisco\/wp-json\/wp\/v2\/product_cat?post=40706"},{"taxonomy":"product_tag","embeddable":true,"href":"https:\/\/sklep.polsoft.pl\/cisco\/wp-json\/wp\/v2\/product_tag?post=40706"}],"curies":[{"name":"wp","href":"https:\/\/api.w.org\/{rel}","templated":true}]}}